{"id":48,"date":"2015-10-01T17:52:44","date_gmt":"2015-10-01T17:52:44","guid":{"rendered":"http:\/\/here.abennacional.org.br\/revista\/here\/?page_id=48"},"modified":"2022-04-09T22:40:16","modified_gmt":"2022-04-10T01:40:16","slug":"assinaturas","status":"publish","type":"page","link":"https:\/\/here.abennacional.org.br\/?page_id=48","title":{"rendered":"Cadastro"},"content":{"rendered":"<h3><a href=\"https:\/\/here.abennacional.org.br\/wp-content\/uploads\/2017\/03\/HERE_banner_2_site.gif\"><img loading=\"lazy\" decoding=\"async\" class=\"wp-image-507 size-medium alignleft\" src=\"https:\/\/here.abennacional.org.br\/wp-content\/uploads\/2017\/03\/HERE_banner_2_site-300x101.gif\" alt=\"\" width=\"300\" height=\"101\" \/><\/a><\/h3>\n<h3><\/h3>\n<h3 style=\"text-align: justify;\">CADASTRO NA HERE<\/h3>\n<p style=\"text-align: justify;\">Prezados Leitores da HERE<\/p>\n<p style=\"text-align: justify;\">Para a equipe editorial da HERE \u00e9 muito importante sua visita ao site e consulta ao peri\u00f3dico. Neste sentido, solicitamos que realize seu cadastro no site da HERE, a fim de que possamos estabelecer uma comunica\u00e7\u00e3o direta com todos os interessados na sua leitura. Assim que novos n\u00fameros da revista forem lan\u00e7ados, avisaremos pelo seu e-mail. Esse meio de comunica\u00e7\u00e3o pode servir tamb\u00e9m para lhe enviarmos not\u00edcias de interesse na \u00e1rea da Hist\u00f3ria da Enfermagem, sa\u00fade e Educa\u00e7\u00e3o, tais como eventos cient\u00edficos, lan\u00e7amento de livros na \u00e1rea.<\/p>\n<p style=\"text-align: justify;\">Respeitamos a pol\u00edtica de privacidade, assim, ao se cadastrar, voc\u00ea poder\u00e1, a qualquer momento, retirar a permiss\u00e3o para lhe enviarmos correspond\u00eancia.<\/p>\n<p style=\"text-align: justify;\">A ABEn \u00e9 uma entidade de alta respeitabilidade e credibilidade nacional e internacionalmente, fundada em 1929. Asseguramos que seus dados n\u00e3o ser\u00e3o compartilhados com qualquer outra entidade, empresa ou institui\u00e7\u00e3o.<\/p>\n<p class=\"Normal tm6 tm7\"><span class=\"tm9\">Fa\u00e7a o seu cadastro por meio da URL: <\/span><u><a href=\"https:\/\/publicacoes.abennacional.org.br\/ojs\/index.php\/here\/login\"><span class=\"tm9\">https:\/\/publicacoes.abennacional.org.br\/ojs\/index.php\/here\/login<\/span><\/a><\/u> <span class=\"tm9\">, acessando o link \u201cCadastro\u201d no canto superior direito da p\u00e1gina. <\/span><\/p>\n","protected":false},"excerpt":{"rendered":"<p>CADASTRO NA HERE Prezados Leitores da HERE Para a equipe editorial da HERE \u00e9 muito importante sua visita ao site e consulta ao peri\u00f3dico. Neste sentido, solicitamos que realize seu cadastro no site da HERE,&#8230;<\/p>\n","protected":false},"author":1,"featured_media":230,"parent":0,"menu_order":5,"comment_status":"closed","ping_status":"closed","template":"","meta":{"_editorskit_title_hidden":false,"_editorskit_reading_time":0,"_editorskit_is_block_options_detached":false,"_editorskit_block_options_position":"{}","footnotes":""},"class_list":["post-48","page","type-page","status-publish","has-post-thumbnail","hentry"],"_links":{"self":[{"href":"https:\/\/here.abennacional.org.br\/index.php?rest_route=\/wp\/v2\/pages\/48"}],"collection":[{"href":"https:\/\/here.abennacional.org.br\/index.php?rest_route=\/wp\/v2\/pages"}],"about":[{"href":"https:\/\/here.abennacional.org.br\/index.php?rest_route=\/wp\/v2\/types\/page"}],"author":[{"embeddable":true,"href":"https:\/\/here.abennacional.org.br\/index.php?rest_route=\/wp\/v2\/users\/1"}],"replies":[{"embeddable":true,"href":"https:\/\/here.abennacional.org.br\/index.php?rest_route=%2Fwp%2Fv2%2Fcomments&post=48"}],"version-history":[{"count":13,"href":"https:\/\/here.abennacional.org.br\/index.php?rest_route=\/wp\/v2\/pages\/48\/revisions"}],"predecessor-version":[{"id":754,"href":"https:\/\/here.abennacional.org.br\/index.php?rest_route=\/wp\/v2\/pages\/48\/revisions\/754"}],"wp:featuredmedia":[{"embeddable":true,"href":"https:\/\/here.abennacional.org.br\/index.php?rest_route=\/wp\/v2\/media\/230"}],"wp:attachment":[{"href":"https:\/\/here.abennacional.org.br\/index.php?rest_route=%2Fwp%2Fv2%2Fmedia&parent=48"}],"curies":[{"name":"wp","href":"https:\/\/api.w.org\/{rel}","templated":true}]}}