{"id":24,"date":"2015-10-01T17:40:47","date_gmt":"2015-10-01T17:40:47","guid":{"rendered":"http:\/\/here.abennacional.org.br\/revista\/here\/?page_id=24"},"modified":"2023-04-11T23:40:06","modified_gmt":"2023-04-12T02:40:06","slug":"indexadores","status":"publish","type":"page","link":"https:\/\/here.abennacional.org.br\/?page_id=24","title":{"rendered":"Indexadores"},"content":{"rendered":"\n<figure class=\"wp-block-image\"><a href=\"https:\/\/here.abennacional.org.br\/wp-content\/uploads\/2017\/03\/HERE_banner_2_site.gif\"><img decoding=\"async\" src=\"https:\/\/here.abennacional.org.br\/wp-content\/uploads\/2017\/03\/HERE_banner_2_site-300x101.gif\" alt=\"HERE_banner_2_site\"\/><\/a><\/figure>\n\n\n\n<p>A HERE \u00e9 indexada por:<\/p>\n\n\n\n<p><a href=\"https:\/\/lilacs.bvsalud.org\/periodicos-lilacs\/periodicos-indexados-na-lilacs\/\" target=\"_blank\" aria-label=\" (opens in a new tab)\" rel=\"noreferrer noopener\" class=\"ek-link\">LILACS &#8211; Literatura Latino-Americana e do Caribe em Ci\u00eancias da Sa\u00fade<\/a><\/p>\n\n\n\n<p><a href=\"http:\/\/www.fundacionindex.com\/bibliometria\/bresumen.php?id=421\" target=\"_blank\" aria-label=\" (opens in a new tab)\" rel=\"noreferrer noopener\" class=\"ek-link\">CUIDEN &#8211; Index de Enfermer\u00eda en Espa\u00f1ol<\/a><\/p>\n\n\n\n<p><a href=\"https:\/\/latindex.org\/latindex\/ficha\/8255\" target=\"_blank\" aria-label=\" (opens in a new tab)\" rel=\"noreferrer noopener\" class=\"ek-link\">LATINDEX &#8211; Sistema Regional de Informaci\u00f3n en L\u00ednea para Revistas Cient\u00edficas de Am\u00e9rica Latina, el Caribe, Espa\u00f1a y Portugal<\/a><\/p>\n\n\n\n<p><a href=\"https:\/\/portal.issn.org\/resource\/ISSN\/2176-7475\" target=\"_blank\" aria-label=\" (opens in a new tab)\" rel=\"noreferrer noopener\" class=\"ek-link\">ROAD &#8211; Directory of Open Access Scholarly Resources<\/a><\/p>\n\n\n\n<p><a href=\"https:\/\/wiki.bireme.org\/pt\/index.php\/Revistas_indexadas_na_BDENF\" target=\"_blank\" aria-label=\" (opens in a new tab)\" rel=\"noreferrer noopener\" class=\"ek-link\">BDENF &#8211; Base de Dados Nacionais da Enfermagem<\/a><\/p>\n\n\n\n<p><a href=\"https:\/\/bvsenfermeria.bvsalud.org\/pt\/brasil\/\" target=\"_blank\" aria-label=\"BVS Enfermagem - Biblioteca Virtual em Sa\u00fade Enfermagem (opens in a new tab)\" rel=\"noreferrer noopener\" class=\"ek-link\">BVS Enfermagem &#8211; Biblioteca Virtual em Sa\u00fade Enfermagem<\/a><\/p>\n\n\n\n<p>A HERE \u00e9 associada \u00e0 <a href=\"https:\/\/www.abecbrasil.org.br\/novo\/\" target=\"_blank\" aria-label=\"Associa\u00e7\u00e3o Brasileira de Editores Cient\u00edficos (ABEC) (opens in a new tab)\" rel=\"noreferrer noopener\" class=\"ek-link\">Associa\u00e7\u00e3o Brasileira de Editores Cient\u00edficos (ABEC)<\/a> e membro da <a href=\"https:\/\/www.rededitenfermeria.com\/membros-miembros\" target=\"_blank\" aria-label=\" (opens in a new tab)\" rel=\"noreferrer noopener\" class=\"ek-link\">Rede Iberoamericana de Editora\u00e7\u00e3o Cient\u00edfica em Enfermagem (RED Edit)<\/a>.<\/p>\n","protected":false},"excerpt":{"rendered":"<p>A HERE \u00e9 indexada por: LILACS &#8211; Literatura Latino-Americana e do Caribe em Ci\u00eancias da Sa\u00fade CUIDEN &#8211; Index de Enfermer\u00eda en Espa\u00f1ol LATINDEX &#8211; Sistema Regional de Informaci\u00f3n en L\u00ednea para Revistas Cient\u00edficas de&#8230;<\/p>\n","protected":false},"author":1,"featured_media":460,"parent":20,"menu_order":0,"comment_status":"closed","ping_status":"closed","template":"","meta":{"_editorskit_title_hidden":false,"_editorskit_reading_time":1,"_editorskit_is_block_options_detached":false,"_editorskit_block_options_position":"{}","footnotes":""},"class_list":["post-24","page","type-page","status-publish","has-post-thumbnail","hentry"],"_links":{"self":[{"href":"https:\/\/here.abennacional.org.br\/index.php?rest_route=\/wp\/v2\/pages\/24"}],"collection":[{"href":"https:\/\/here.abennacional.org.br\/index.php?rest_route=\/wp\/v2\/pages"}],"about":[{"href":"https:\/\/here.abennacional.org.br\/index.php?rest_route=\/wp\/v2\/types\/page"}],"author":[{"embeddable":true,"href":"https:\/\/here.abennacional.org.br\/index.php?rest_route=\/wp\/v2\/users\/1"}],"replies":[{"embeddable":true,"href":"https:\/\/here.abennacional.org.br\/index.php?rest_route=%2Fwp%2Fv2%2Fcomments&post=24"}],"version-history":[{"count":16,"href":"https:\/\/here.abennacional.org.br\/index.php?rest_route=\/wp\/v2\/pages\/24\/revisions"}],"predecessor-version":[{"id":843,"href":"https:\/\/here.abennacional.org.br\/index.php?rest_route=\/wp\/v2\/pages\/24\/revisions\/843"}],"up":[{"embeddable":true,"href":"https:\/\/here.abennacional.org.br\/index.php?rest_route=\/wp\/v2\/pages\/20"}],"wp:featuredmedia":[{"embeddable":true,"href":"https:\/\/here.abennacional.org.br\/index.php?rest_route=\/wp\/v2\/media\/460"}],"wp:attachment":[{"href":"https:\/\/here.abennacional.org.br\/index.php?rest_route=%2Fwp%2Fv2%2Fmedia&parent=24"}],"curies":[{"name":"wp","href":"https:\/\/api.w.org\/{rel}","templated":true}]}}